mon divisor of 27745 and 775?
155
Calculate the greatest common divisor of 261 and 255861.
9
Calculate the highest common factor of 71622 and 5382.
414
What is the greatest common divisor of 269717 and 63?
7
Calculate the highest common divisor of 1196733 and 129.
129
What is the highest common factor of 127057 and 49?
49
Calculate the greatest common divisor of 44043 and 265.
53
What is the highest common divisor of 4120 and 196215?
515
Calculate the greatest common divisor of 12 and 15582.
6
Calculate the greatest common divisor of 1119000 and 10.
10
What is the greatest common divisor of 959 and 11179?
7
What is the greatest common factor of 1093822 and 174?
58
Calculate the greatest common factor of 2082840 and 15.
15
What is the highest common divisor of 251 and 373237?
251
Calculate the greatest common divisor of 16 and 323.
1
Calculate the highest common factor of 236664 and 70065.
1557
What is the greatest common factor of 872090 and 370?
370
What is the highest common factor of 32 and 189?
1
What is the greatest common factor of 70 and 1280?
10
Calculate the highest common factor of 6727 and 930062.
217
What is the greatest common factor of 392 and 57526?
98
What is the highest common divisor of 1107 and 389295?
369
What is the greatest common divisor of 255 and 640?
5
What is the highest common divisor of 22272 and 1682?
58
What is the highest common factor of 230434 and 58?
58
What is the greatest common divisor of 154374 and 363?
33
What is the highest common factor of 7581 and 399?
399
Calculate the greatest common divisor of 450008 and 416.
104
Calculate the highest common divisor of 333235 and 35.
35
What is the greatest common divisor of 53018 and 70?
14
What is the highest common divisor of 141880 and 80?
40
What is the greatest common divisor of 587327 and 65?
13
What is the greatest common divisor of 9600 and 1408?
128
What is the highest common factor of 162777 and 87?
87
Calculate the highest common divisor of 4752 and 77264.
176
What is the greatest common factor of 108 and 53514?
54
What is the greatest common divisor of 168 and 23142?
42
Calculate the greatest common divisor of 83853 and 3066.
21
What is the greatest common factor of 109963 and 7?
7
What is the greatest common factor of 583 and 143?
11
What is the greatest common factor of 97350 and 176?
22
What is the greatest common divisor of 9 and 4979511?
9
What is the greatest common divisor of 71 and 172743?
71
Calculate the greatest common factor of 120 and 242395.
5
Calculate the greatest common factor of 6935 and 2920.
365
What is the highest common divisor of 3422995 and 5?
5
Calculate the greatest common factor of 126 and 31734.
18
What is the greatest common factor of 2360 and 853730?
590
What is the highest common factor of 238 and 4711?
7
What is the greatest common factor of 42 and 146062?
14
What is the greatest common divisor of 451512 and 936?
72
What is the highest common divisor of 137780 and 160?
20
What is the highest common divisor of 5904 and 4392?
72
Calculate the greatest common divisor of 16188 and 12426.
114
What is the greatest common factor of 220 and 3112780?
220
Calculate the greatest common divisor of 7273 and 196.
7
What is the greatest common divisor of 987 and 5523?
21
What is the highest common factor of 352 and 16736?
32
Calculate the greatest common divisor of 420 and 59115.
105
What is the greatest common divisor of 20907 and 414?
207
Calculate the highest common factor of 930 and 131595.
465
What is the greatest common divisor of 513 and 23997?
57
Calculate the highest common factor of 35200 and 15.
5
What is the greatest common divisor of 64 and 43136?
64
Calculate the greatest common factor of 110 and 544291.
11
Calculate the greatest common divisor of 16240 and 783.
29
What is the greatest common divisor of 50 and 379360?
10
What is the highest common divisor of 410 and 517912?
82
Calculate the greatest common divisor of 1849120 and 127.
127
Calculate the greatest common divisor of 10732 and 124.
4
Calculate the greatest common factor of 153574 and 62.
62
What is the highest common factor of 1422 and 253274?
158
What is the greatest common divisor of 19662 and 33222?
678
Calculate the highest common divisor of 45195 and 786.
393
What is the highest common divisor of 72473 and 274?
137
Calculate the highest common divisor of 92 and 120980.
92
Calculate the greatest common factor of 1738 and 130130.
22
What is the highest common factor of 75725 and 650?
325
Calculate the greatest common factor of 408458 and 6.
2
What is the greatest common divisor of 16375 and 875?
125
Calculate the highest common factor of 47719 and 3927.
119
What is the greatest common divisor of 1101829 and 76?
19
What is the greatest common divisor of 3382 and 513?
19
What is the highest common factor of 14248 and 1370?
274
What is the highest common factor of 28194 and 888?
222
What is the highest common divisor of 19980 and 114?
6
What is the highest common factor of 1693698 and 6?
6
Calculate the greatest common factor of 8850110 and 151.
151
What is the highest common factor of 78 and 6526?
26
Calculate the highest common divisor of 52824 and 12462.
186
What is the greatest common divisor of 445 and 267?
89
What is the highest common factor of 4896 and 576?
288
What is the greatest common divisor of 184 and 55591?
23
What is the greatest common factor of 30476 and 38?
38
What is the highest common divisor of 108 and 93336?
12
What is the greatest common factor of 33 and 7107?
3
Calculate the highest common factor of 58359 and 245.
49
What is the greatest common divisor of 488 and 48617?
61
What is the greatest common divisor of 32310 and 10?
10
What is the greatest common divisor of 2920 and 1080?
40
Calculate the greatest common factor of 3566 and 5885683.
1783
What is the greatest common factor of 142975 and 95675?
1075
What is the greatest common factor of 12260 and 115?
5
Calculate the greatest common divisor of 31034 and 944.
118
Calculate the greatest common divisor of 126483 and 1862.
133
Calculate the greatest common divisor of 4563177 and 123.
123
Calculate the greatest common factor of 12816 and 50463.
801
What is the greatest common divisor of 36784 and 6292?
484
What is the greatest common factor of 631 and 5542073?
631
Calculate the highest common factor of 1355625 and 1125.
1125
Calculate the greatest common divisor of 4478315 and 61.
61
Calculate the greatest common factor of 691386 and 2085.
417
What is the highest common factor of 10 and 51890?
10
Calculate the greatest common divisor of 13450 and 225.
25
What is the greatest common factor of 6 and 16664?
2
Calculate the greatest common divisor of 3916 and 6670906.
1958
What is the greatest common factor of 14 and 190078?
14
Calculate the highest common factor of 75129 and 34236.
951
What is the greatest common factor of 8740 and 4140?
460
Calculate the greatest common divisor of 36 and 1226148.
12
Calculate the greatest common divisor of 262050 and 150.
150
Calculate the greatest common divisor of 6048 and 33376.
224
Calculate the greatest common divisor of 1427252 and 278.
278
Calculate the highest common factor of 215096 and 92.
92
What is the highest common divisor of 3978 and 69462?
306
What is the greatest common divisor of 22 and 244574?
22
What is the greatest common divisor of 2275 and 18187?
13
What is the highest common divisor of 88232 and 492?
164
What is the highest common factor of 50209 and 531?
59
Calculate the highest common factor of 230 and 17870.
10
Calculate the greatest common factor of 5756 and 1400.
4
What is the greatest common divisor of 2542 and 13268?
62
Calculate the greatest common factor of 4882543 and 137.
137
What is the highest common divisor of 754 and 260962?
26
What is the highest common factor of 749112 and 117?
39
Calculate the highest common divisor of 849 and 1967982.
849
Calculate the highest common factor of 359 and 38413.
359
What is the highest common divisor of 47775 and 375?
75
What is the greatest common factor of 11752 and 1248?
104
Calculate the greatest common divisor of 35 and 170632.
7
What is the greatest common divisor of 14971 and 393329?
1361
Calculate the highest common factor of 4674 and 113487.
57
What is the greatest com